en 5 is divided by o?
1
Let y(r) = 5*r**2 - 3*r**2 - 7 - 4*r + 0*r**2 - 2. Let m be y(5). Suppose a - 46 - m = -5*l, 3*l + 4*a = 47. What is the remainder when 51 is divided by l?
12
Let t be -3*(-2)/(18/159). Calculate the remainder when (-2 - 12/(-4))*t is divided by 14.
11
Suppose -43*n - 57 = -46*n. Calculate the remainder when 282 is divided by n.
16
Suppose -l + g + 34 = 0, 3*g = 12*l - 7*l - 166. Calculate the remainder when 320 is divided by l.
0
Let t = -286 - -400. Let p = -25000 + 25039. What is the remainder when t is divided by p?
36
Suppose 7*r - 40 = 37. Let j(d) = 16*d - 1. Let a be j(1). Let m = a + -8. What is the remainder when r is divided by m?
4
Let s = -43 + 51. Let k(f) = -f**3 + 0 - 2 + 0*f + 1 - f. What is the remainder when k(-3) is divided by s?
5
Let o(r) = 14*r - 5. Let z be o(9). Suppose -9*s + z = 2*s. Calculate the remainder when 152 is divided by s.
9
Let z = -25 - -132. Suppose 7*a - 75 = z. What is the remainder when a is divided by 4?
2
Let l = -23 + 20. Let g(w) = -43*w. Let q be g(l). Suppose -2*c + q = c. Calculate the remainder when c is divided by 9.
7
Suppose 5*c + 2*q + 3*q - 55 = 0, q - 53 = -4*c. Let j(m) = m**3 - 8*m**2 - 27*m - 27. Calculate the remainder when j(11) is divided by c.
11
Suppose 103 = -3*b - 62. Let j = -29 - b. What is the remainder when j is divided by 6?
2
Suppose 0 = -0*u + 3*u - 60. Let s(k) = 11*k**2 + k. Let n be s(-1). Calculate the remainder when u is divided by (-28)/n*5/(-2).
6
Suppose 8*k = 477 + 619. Calculate the remainder when k is divided by 28.
25
Suppose -16*z + 18*z = 6. Suppose -y - z*y = 0. Suppose y = -0*r - 2*r + 88. Calculate the remainder when r is divided by 15.
14
Suppose -85 = -5*k + 4*l, 0 = 113*k - 110*k - 3*l - 51. Let g = 67 - 36. Calculate the remainder when g is divided by k.
14
Let d(l) = -7*l**3 + 2*l + 2. Let k(p) = -6*p**3 + p + 3. Let s(x) = 3*d(x) - 4*k(x). Calculate the remainder when s(3) is divided by 12.
9
Let m(x) = -68*x + 215. Calculate the remainder when 85 is divided by m(3).
8
Suppose 8 + 4 = 3*w. Suppose w*d - c - 24 = 3*c, -3*c + 6 = 0. Suppose 0 = 6*b - 27 - 51. Calculate the remainder when b is divided by d.
5
Let l(f) = -36*f**3 - 5*f**2 + f + 1. What is the remainder when 43 is divided by l(-1)?
12
Let o = 13 - -15. Suppose 0 = y - 6*y + 300. Suppose 0*j = 4*j - y. Calculate the remainder when o is divided by j.
13
Suppose -66*h + 1747 + 1553 = 0. What is the remainder when h is divided by 24?
2
Suppose -9*j + 275 = 2*j. Calculate the remainder when j is divided by 11.
3
Calculate the remainder when ((-2)/(-12))/((-16)/(-5856)) is divided by 36.
25
Let a = -7 + 11. Suppose -4*n = -n - 3*v - 246, -5*n - a*v = -437. Let x(w) = w**3 - 9*w**2 + 8*w + 29. What is the remainder when n is divided by x(8)?
27
Suppose -2*d + i - 7 - 1 = 0, -3*i + 12 = -3*d. Let a be ((-84)/15)/(d/70). Suppose 0*u + 2*u = a. Calculate the remainder when u is divided by 13.
10
Let l be (-26)/(-3) + 12/9. Let i(k) = -k**3 + 11*k**2 - 9*k - 3. Calculate the remainder when 18 is divided by i(l).
4
Let x(w) = 2*w + 6. Let b be x(-4). What is the remainder when (104/(-16))/(b/28) is divided by 31?
29
Let b(i) = -4*i - 7. Let k be b(-5). Let f(q) = -q**3 + 14*q**2 - 13*q + 7. What is the remainder when 26 is divided by f(k)?
5
Let w(r) be the third derivative of r**4/3 - 5*r**3/6 + 24*r**2. What is the remainder when 132 is divided by w(4)?
24
Let c(s) = s - 3. Let v be c(-3). Calculate the remainder when v*-2*(-25)/(-15) is divided by 8.
4
Suppose -2*n = n - 5*a - 23, 2*n + 4*a - 8 = 0. Calculate the remainder when 21 is divided by n/(-15) + (-114)/(-10).
10
Let u be ((8 - 5) + 25*3)/2. Let p = u - -6. Let g = 46 + -22. Calculate the remainder when p is divided by g.
21
Let x = -172 + 200. Calculate the remainder when x is divided by 8.
4
Let j(s) = 383*s**3 + s**2 - 19*s + 19. Calculate the remainder when j(1) is divided by 35.
34
Suppose 5*i - 4 = 6*i. Let f be 36/3 + (i - -7). Calculate the remainder when (0 + 1 + 0)*f is divided by 8.
7
Suppose -12*z + 1220 = 8*z. Calculate the remainder when 178 is divided by z.
56
Let m = -9 - -11. Suppose -w = -5*j - 5, m*j - 2*w + 0*w = -10. Suppose v + 5*y - 29 = 0, -y + 6*y = j. What is the remainder when v is divided by 8?
5
Suppose -6*h + h = f + 4, 4*h = -3*f - 12. Suppose 3*b = b + 12. Suppose 4*z - 4*k - 256 = h, z - b = -2*k + 58. What is the remainder when z is divided by 13?
12
Suppose 2*g - 4*b + 856 = -0*g, 4*g + b + 1667 = 0. Let w = -176 - g. What is the remainder when w is divided by 49?
46
Let p(b) be the first derivative of b**3/3 - 12*b**2 + b + 31. What is the remainder when p(25) is divided by 12?
2
Suppose v + 6 - 7 = 0. Calculate the remainder when (-1)/(1*v/(-13)) is divided by 7.
6
Let u(n) = n**3 + 6*n**2 - 7*n + 3. Let w = -35 + 38. What is the remainder when u(-7) is divided by w?
0
Suppose -s + 3*u + 12 = -57, -3*s + 3*u = -213. Suppose -s = -f + 5*v, 4*f - 322 = 2*v + v. What is the remainder when f is divided by 28?
26
Let u = 117 + -64. Let r = -56 + 115. Suppose g = -2*g - 15, -3*c = -g - r. What is the remainder when u is divided by c?
17
Let m = 480 - 457. What is the remainder when 87 is divided by m?
18
Suppose 0 = -8*u + 5*u + 2*q + 77, -5*u + 125 = -5*q. Suppose v = 3*v - 102. Calculate the remainder when v is divided by u.
24
Let m(z) = 2*z**3 - 4*z**2 - z + 4. What is the remainder when 88 is divided by m(3)?
12
Suppose -4*i - 3*c - 37 + 202 = 0, 2*i - 72 = 2*c. Calculate the remainder when 75 is divided by i.
36
Suppose -2 = -f + 61. What is the remainder when 186 is divided by f?
60
Let g = 22 - -1. Let v = 49 - 302. Let z = -208 - v. What is the remainder when z is divided by g?
22
Suppose -13*k = 16575 - 4251. What is the remainder when 14 is divided by 2/(-11) - k/132?
0
Let u be ((-103)/2)/(7/7)*2. Let l = 126 + u. Calculate the remainder when 91 is divided by l.
22
Suppose 2*r - 51 = 17. Let g(j) = -116*j + 29. Let p be g(2). Let a = -185 - p. What is the remainder when r is divided by a?
16
Let z = -40 - -67. Suppose -s + 33 + z = 0. Calculate the remainder when s is divided by 19.
3
Suppose 4 = -2*v - w + 6*w, -3*v + 13 = 2*w. Suppose -v*a - t = 2*t - 39, 5*a - 56 = -2*t. Let d = -9 + a. Calculate the remainder when 3 is divided by d.
0
Calculate the remainder when 49 is divided by (-2)/(65/216 - 24/64).
22
Suppose -i + 78 = -5*n - 84, 3*n + 876 = 5*i. Suppose 0 = d + 59 - i. What is the remainder when d is divided by 24?
22
Let f(z) = 487*z + 1493. What is the remainder when (-28)/1*18/(-4) is divided by f(-3)?
30
Calculate the remainder when (12/7)/(-1*7/(-1421)) is divided by 44.
40
Let n = -66 - -76. Calculate the remainder when 237 is divided by n.
7
What is the remainder when 6 + (-5 - -35)/2 is divided by 11?
10
Suppose -39 - 126 = -5*x. Suppose -5*r + 2*r + 3*y + x = 0, -3*r - 4*y = 2. What is the remainder when r is divided by 5?
1
Let k = 90 - 85. Suppose k - 183 = -2*m. Calculate the remainder when m is divided by 10.
9
Suppose -g + 6*g = 10, -g = -3*q + 61. Suppose -4*i - p = p - 150, -i - 4*p = -20. What is the remainder when i is divided by q?
19
Suppose 5*l - l - 5*f - 364 = 0, 5*l + 4*f - 414 = 0. Suppose -4*c = l - 414. Calculate the remainder when c is divided by 17.
14
What is the remainder when (417/9)/((-33)/9 - -4) is divided by 10?
9
Suppose -5*u + 3*k - 71 = 147, 2*u + 88 = k. Let n = 25 - u. What is the remainder when n is divided by 37?
34
Let w(t) = 4*t**2 - 3*t - 6. Let c(p) = 17*p - 1. Suppose 3 = 4*d - 1. Calculate the remainder when w(4) is divided by c(d).
14
Let s(f) = -3*f**3 - 2*f**2 + f + 2. Suppose 0*w - 32 = 4*w. What is the remainder when (4/w)/((-1)/58) is divided by s(-2)?
13
Suppose -3*v + 8*v = 120. Calculate the remainder when 1352/8788 + (-1 - (-1194)/13) is divided by v.
19
Let y(g) = -7*g**2 + 28*g. Let q be y(4). Suppose 0 = -5*p + 3*w + 195, q*p - 5*p = 4*w - 195. Calculate the remainder when p is divided by 21.
18
Suppose 0 = -d - 2*j + 152, 13*d - 5*j = 10*d + 511. What is the remainder when d is divided by 82?
80
Suppose -4*m + 508 = 5*b, 0 + 2 = m. What is the remainder when b is divided by 34?
32
Let o(l) = -l**2 - 1. Let m be o(0). Calculate the remainder when 21 is divided by (-124)/(-16) + m/(-4).
5
Suppose -